{"id":143,"date":"2017-05-17T20:44:43","date_gmt":"2017-05-17T18:44:43","guid":{"rendered":"http:\/\/dr-dumat.fr\/?page_id=143"},"modified":"2020-10-05T20:52:09","modified_gmt":"2020-10-05T18:52:09","slug":"chez-lenfant","status":"publish","type":"page","link":"https:\/\/dr-dumat.fr\/index.php\/chez-lenfant\/","title":{"rendered":"Chez l&#8217;enfant"},"content":{"rendered":"<h5 style=\"text-align: justify;\">La pr\u00e9vention (avant 6-7 ans)<\/h5>\n<div id=\"TheTexte\" class=\"Texte\" lang=\"zxx\">\n<p style=\"text-align: justify;\">D\u00e8s le plus jeune \u00e2ge, il est possible d\u2019accompagner la croissance de votre enfant pour corriger les anomalies pr\u00e9sentes (d\u00e9faut de croissance des m\u00e2choires, malpositions dentaires, ventilation orale, d\u00e9glutition atypique, succion du pouce\u2026) et d\u2019emp\u00eacher ces anomalies de s\u2019aggraver avec les ann\u00e9es.<br \/>Cr\u00e9er un environnement favorable permet de favoriser une croissance harmonieuse.<br \/>Comment? Par l\u2019arr\u00eat des habitudes de succion, l\u2019\u00e9limination des ventilations buccales, favoriser un mode d\u2019alimentation adapt\u00e9<\/p>\n<p style=\"text-align: justify;\"><img loading=\"lazy\" decoding=\"async\" class=\"aligncenter wp-image-64 size-large\" title=\"Traitement Orthodontique\" src=\"https:\/\/dr-dumat.fr\/wp-content\/uploads\/2017\/05\/AdobeStock_71112194-1024x884.jpeg\" alt=\"orthodontiste Douvres-la-D\u00e9livrande\" width=\"525\" height=\"453\" srcset=\"https:\/\/dr-dumat.fr\/wp-content\/uploads\/2017\/05\/AdobeStock_71112194-1024x884.jpeg 1024w, https:\/\/dr-dumat.fr\/wp-content\/uploads\/2017\/05\/AdobeStock_71112194-300x259.jpeg 300w, https:\/\/dr-dumat.fr\/wp-content\/uploads\/2017\/05\/AdobeStock_71112194-768x663.jpeg 768w\" sizes=\"auto, (max-width: 525px) 100vw, 525px\" \/><\/p>\n<h5 style=\"text-align: justify;\">Chez l&#8217;enfant\u00a0(de 6-7 ans \u00e0 10-11 ans)<\/h5>\n<p style=\"text-align: justify;\">Intercepter la mise en place d\u2019une malocclusion et arr\u00eater son aggravation permet de simplifier la situation clinique et par cons\u00e9quent le traitement en technique fixe (avec des bagues) afin d\u2019\u00e9viter au maximum un traitement orthodontique avec extractions de pr\u00e9molaires voire avec une chirurgie orthognatique.<br \/>Profiter du pic de croissance pr\u00e9-pubertaire nous donne une chance de r\u00e9duire et de corriger les d\u00e9calages de m\u00e2choires et ainsi d\u2019am\u00e9liorer l\u2019environnement faciale et fonctionnel de l\u2019enfant.<br \/>Comment? En agissant au niveau des fonctions (appareils agissant sur la posture linguale, la ventilation, la mastication et permettant de r\u00e9harmoniser la croissance), et\u00a0au niveau dentaire (correction des invers\u00e9s d\u2019articul\u00e9, gestion des dents de lait perdues pr\u00e9cocement\u2026)<\/p>\n<\/div>\n<p><strong>D\u00e9roulement du traitement interceptif<\/strong><\/p>\n\n\n<figure class=\"wp-block-image size-large\"><img decoding=\"async\" src=\"https:\/\/dr-dumat.fr\/wp-content\/uploads\/2020\/10\/inter-2.pdf\" alt=\"\"\/><\/figure>\n","protected":false},"excerpt":{"rendered":"<p>La pr\u00e9vention (avant 6-7 ans) D\u00e8s le plus jeune \u00e2ge, il est possible d\u2019accompagner la croissance de votre enfant pour corriger les anomalies pr\u00e9sentes (d\u00e9faut de croissance des m\u00e2choires, malpositions dentaires, ventilation orale, d\u00e9glutition atypique, succion du pouce\u2026) et d\u2019emp\u00eacher ces anomalies de s\u2019aggraver avec les ann\u00e9es.Cr\u00e9er un environnement favorable permet de favoriser une croissance &hellip; <\/p>\n<p class=\"link-more\"><a href=\"https:\/\/dr-dumat.fr\/index.php\/chez-lenfant\/\" class=\"more-link\">Continue reading<span class=\"screen-reader-text\"> &#8220;Chez l&#8217;enfant&#8221;<\/span><\/a><\/p>\n","protected":false},"author":1,"featured_media":0,"parent":0,"menu_order":0,"comment_status":"closed","ping_status":"closed","template":"","meta":{"footnotes":""},"class_list":["post-143","page","type-page","status-publish","hentry"],"_links":{"self":[{"href":"https:\/\/dr-dumat.fr\/index.php\/wp-json\/wp\/v2\/pages\/143","targetHints":{"allow":["GET"]}}],"collection":[{"href":"https:\/\/dr-dumat.fr\/index.php\/wp-json\/wp\/v2\/pages"}],"about":[{"href":"https:\/\/dr-dumat.fr\/index.php\/wp-json\/wp\/v2\/types\/page"}],"author":[{"embeddable":true,"href":"https:\/\/dr-dumat.fr\/index.php\/wp-json\/wp\/v2\/users\/1"}],"replies":[{"embeddable":true,"href":"https:\/\/dr-dumat.fr\/index.php\/wp-json\/wp\/v2\/comments?post=143"}],"version-history":[{"count":6,"href":"https:\/\/dr-dumat.fr\/index.php\/wp-json\/wp\/v2\/pages\/143\/revisions"}],"predecessor-version":[{"id":263,"href":"https:\/\/dr-dumat.fr\/index.php\/wp-json\/wp\/v2\/pages\/143\/revisions\/263"}],"wp:attachment":[{"href":"https:\/\/dr-dumat.fr\/index.php\/wp-json\/wp\/v2\/media?parent=143"}],"curies":[{"name":"wp","href":"https:\/\/api.w.org\/{rel}","templated":true}]}}